{"id":16,"date":"2015-08-17T17:43:39","date_gmt":"2015-08-17T17:43:39","guid":{"rendered":"http:\/\/digitalhome.inf.br\/?page_id=16"},"modified":"2023-10-02T11:07:56","modified_gmt":"2023-10-02T11:07:56","slug":"contato","status":"publish","type":"page","link":"https:\/\/sergioneto.portari.com.br\/index.php\/contato\/","title":{"rendered":"Contato"},"content":{"rendered":"<article id=\"post-130\" class=\"post-130 page type-page status-publish hentry\">\n<div class=\"entry-content\">\n<h2><strong>Digital Home&nbsp; \u2013 Inform\u00e1tica e CFTV<\/strong><\/h2>\n<p><strong>Hor\u00e1rio de atendimento:<\/strong>&nbsp;De segunda a sexta-feira \u2013 Das 8h \u00e0s 17h30min. S\u00e1bado &#8211; Das 08h \u00e0s 12h.<br \/>\n<strong>Telefone:<\/strong><\/p>\n<p class=\"ecxMsoNormal\">Fixo:&nbsp;&nbsp;&nbsp;&nbsp;&nbsp;&nbsp;&nbsp;&nbsp;&nbsp; (34) 3421-3712<a href=\"http:\/\/digitalhome.inf.br\/wp-content\/uploads\/2015\/08\/atendimento-online.png\"><img decoding=\"async\" loading=\"lazy\" class=\" size-medium wp-image-75 alignright\" src=\"http:\/\/digitalhome.inf.br\/wp-content\/uploads\/2015\/08\/atendimento-online-300x259.png\" alt=\"atendimento-online\" width=\"300\" height=\"259\"><\/a><\/p>\n<p class=\"ecxMsoNormal\">Eduardo: &nbsp;&nbsp;(34) 9974-5833<\/p>\n<p class=\"ecxMsoNormal\">Suporte1: (34) 9695-7578<\/p>\n<p class=\"ecxMsoNormal\">Suporte2: (34) 9695-6680<\/p>\n<p class=\"ecxMsoNormal\">WhatsApp: (34) 9974-5833<\/p>\n<\/div>\n<footer class=\"entry-footer\"><\/footer>\n<\/article>\n<hr>\n<p class=\"ecxMsoNormal\">ON-LINE:<\/p>\n<p class=\"ecxMsoNormal\">&nbsp;Skype: digitalhome.eduardo<\/p>\n<p class=\"ecxMsoNormal\">&nbsp; &nbsp; &nbsp; &nbsp; &nbsp; &nbsp;&nbsp; digitalhome.atendimento<\/p>\n<p class=\"ecxMsoNormal\">&nbsp;&nbsp;&nbsp;&nbsp;&nbsp;&nbsp;&nbsp;&nbsp;&nbsp;&nbsp;&nbsp;&nbsp; digitalhome.suporte<\/p>\n<p class=\"ecxMsoNormal\">&nbsp;&nbsp;&nbsp;&nbsp;&nbsp;&nbsp;&nbsp;&nbsp;&nbsp;&nbsp;&nbsp;&nbsp; digitalhome.desenvolvimento<\/p>\n<hr>\n<p class=\"ecxMsoNormal\">E-mail:&nbsp;&nbsp;&nbsp;&nbsp; eduardo@digitalhome.inf.br<\/p>\n<p class=\"ecxMsoNormal\">&nbsp;&nbsp;&nbsp;&nbsp;&nbsp;&nbsp;&nbsp;&nbsp;&nbsp;&nbsp;&nbsp;&nbsp;&nbsp;&nbsp;&nbsp; atendimento@digitalhome.inf.br<\/p>\n<p class=\"ecxMsoNormal\">&nbsp;&nbsp;&nbsp;&nbsp;&nbsp;&nbsp;&nbsp;&nbsp;&nbsp;&nbsp;&nbsp;&nbsp;&nbsp;&nbsp;&nbsp; suporte@digitalhome.inf.br<\/p>\n<p class=\"ecxMsoNormal\">\n<hr>\n<h5 class=\"ecxMsoNormal\"><strong>Ou se preferir entre em contato conosco pelo formul\u00e1rio e em breve estaremos respondendo para lhe atender e oferecer a solu\u00e7\u00e3o ideal para sua empresa.<\/strong><\/h5>\n<p class=\"ecxMsoNormal\">\n<div class=\"wpcf7 no-js\" id=\"wpcf7-f67-o1\" lang=\"pt-BR\" dir=\"ltr\">\n<div class=\"screen-reader-response\"><p role=\"status\" aria-live=\"polite\" aria-atomic=\"true\"><\/p> <ul><\/ul><\/div>\n<form action=\"\/index.php\/wp-json\/wp\/v2\/pages\/16#wpcf7-f67-o1\" method=\"post\" class=\"wpcf7-form init\" aria-label=\"Formul\u00e1rios de contato\" novalidate=\"novalidate\" data-status=\"init\">\n<div style=\"display: none;\">\n<input type=\"hidden\" name=\"_wpcf7\" value=\"67\" \/>\n<input type=\"hidden\" name=\"_wpcf7_version\" value=\"5.7.7\" \/>\n<input type=\"hidden\" name=\"_wpcf7_locale\" value=\"pt_BR\" \/>\n<input type=\"hidden\" name=\"_wpcf7_unit_tag\" value=\"wpcf7-f67-o1\" \/>\n<input type=\"hidden\" name=\"_wpcf7_container_post\" value=\"0\" \/>\n<input type=\"hidden\" name=\"_wpcf7_posted_data_hash\" value=\"\" \/>\n<\/div>\n<p>Seu nome (obrigat\u00f3rio)\n<\/p>\n<p><span class=\"wpcf7-form-control-wrap\" data-name=\"your-name\"><input size=\"40\" class=\"wpcf7-form-control wpcf7-text wpcf7-validates-as-required\" aria-required=\"true\" aria-invalid=\"false\" value=\"\" type=\"text\" name=\"your-name\" \/><\/span>\n<\/p>\n<p>Seu e-mail (obrigat\u00f3rio)\n<\/p>\n<p><span class=\"wpcf7-form-control-wrap\" data-name=\"your-email\"><input size=\"40\" class=\"wpcf7-form-control wpcf7-text wpcf7-email wpcf7-validates-as-required wpcf7-validates-as-email\" aria-required=\"true\" aria-invalid=\"false\" value=\"\" type=\"email\" name=\"your-email\" \/><\/span>\n<\/p>\n<p>Seu Telefone (obrigat\u00f3rio)\n<\/p>\n<p><span class=\"wpcf7-form-control-wrap\" data-name=\"tel-551\"><input size=\"40\" class=\"wpcf7-form-control wpcf7-text wpcf7-tel wpcf7-validates-as-required wpcf7-validates-as-tel\" aria-required=\"true\" aria-invalid=\"false\" value=\"\" type=\"tel\" name=\"tel-551\" \/><\/span>\n<\/p>\n<p>Assunto\n<\/p>\n<p><span class=\"wpcf7-form-control-wrap\" data-name=\"your-subject\"><input size=\"40\" class=\"wpcf7-form-control wpcf7-text\" aria-invalid=\"false\" value=\"\" type=\"text\" name=\"your-subject\" \/><\/span>\n<\/p>\n<p>Sua mensagem\n<\/p>\n<p><span class=\"wpcf7-form-control-wrap\" data-name=\"your-message\"><textarea cols=\"40\" rows=\"10\" class=\"wpcf7-form-control wpcf7-textarea\" aria-invalid=\"false\" name=\"your-message\"><\/textarea><\/span>\n<\/p>\n<p><input class=\"wpcf7-form-control has-spinner wpcf7-submit\" type=\"submit\" value=\"Enviar\" \/>\n<\/p><div class=\"wpcf7-response-output\" aria-hidden=\"true\"><\/div>\n<\/form>\n<\/div>\n<\/p>\n","protected":false},"excerpt":{"rendered":"<p>Digital Home&nbsp; \u2013 Inform\u00e1tica e CFTV Hor\u00e1rio de atendimento:&nbsp;De segunda a sexta-feira \u2013 Das 8h \u00e0s 17h30min. S\u00e1bado &#8211; Das 08h \u00e0s 12h. Telefone: Fixo:&nbsp;&nbsp;&nbsp;&nbsp;&nbsp;&nbsp;&nbsp;&nbsp;&nbsp; (34) 3421-3712 Eduardo: &nbsp;&nbsp;(34) 9974-5833 Suporte1: (34) 9695-7578 Suporte2: (34) 9695-6680 WhatsApp: (34) 9974-5833 ON-LINE: &nbsp;Skype: digitalhome.eduardo &nbsp; &nbsp; &nbsp; &nbsp; &nbsp; &nbsp;&nbsp; digitalhome.atendimento &nbsp;&nbsp;&nbsp;&nbsp;&nbsp;&nbsp;&nbsp;&nbsp;&nbsp;&nbsp;&nbsp;&nbsp; digitalhome.suporte &nbsp;&nbsp;&nbsp;&nbsp;&nbsp;&nbsp;&nbsp;&nbsp;&nbsp;&nbsp;&nbsp;&nbsp; digitalhome.desenvolvimento E-mail:&nbsp;&nbsp;&nbsp;&nbsp; eduardo@digitalhome.inf.br [&hellip;]<\/p>\n","protected":false},"author":1,"featured_media":0,"parent":0,"menu_order":0,"comment_status":"closed","ping_status":"open","template":"","meta":[],"_links":{"self":[{"href":"https:\/\/sergioneto.portari.com.br\/index.php\/wp-json\/wp\/v2\/pages\/16"}],"collection":[{"href":"https:\/\/sergioneto.portari.com.br\/index.php\/wp-json\/wp\/v2\/pages"}],"about":[{"href":"https:\/\/sergioneto.portari.com.br\/index.php\/wp-json\/wp\/v2\/types\/page"}],"author":[{"embeddable":true,"href":"https:\/\/sergioneto.portari.com.br\/index.php\/wp-json\/wp\/v2\/users\/1"}],"replies":[{"embeddable":true,"href":"https:\/\/sergioneto.portari.com.br\/index.php\/wp-json\/wp\/v2\/comments?post=16"}],"version-history":[{"count":8,"href":"https:\/\/sergioneto.portari.com.br\/index.php\/wp-json\/wp\/v2\/pages\/16\/revisions"}],"predecessor-version":[{"id":137,"href":"https:\/\/sergioneto.portari.com.br\/index.php\/wp-json\/wp\/v2\/pages\/16\/revisions\/137"}],"wp:attachment":[{"href":"https:\/\/sergioneto.portari.com.br\/index.php\/wp-json\/wp\/v2\/media?parent=16"}],"curies":[{"name":"wp","href":"https:\/\/api.w.org\/{rel}","templated":true}]}}